{"id":99,"date":"2023-11-18T18:21:35","date_gmt":"2023-11-18T17:21:35","guid":{"rendered":"https:\/\/sercuriteservicesformations.fr\/?page_id=99"},"modified":"2024-01-02T16:21:02","modified_gmt":"2024-01-02T15:21:02","slug":"evacuation-guide-file-et-serre-file","status":"publish","type":"page","link":"https:\/\/securiteservicesformations.com\/index.php\/evacuation-guide-file-et-serre-file\/","title":{"rendered":"\u00c9vacuation \nGuide File et Serre File"},"content":{"rendered":"\n<figure class=\"wp-block-image size-large is-resized\"><img loading=\"lazy\" decoding=\"async\" width=\"1024\" height=\"576\" src=\"https:\/\/sercuriteservicesformations.fr\/wp-content\/uploads\/2023\/11\/guide-serre-file-1024x576.png\" alt=\"\" class=\"wp-image-100\" style=\"width:572px;height:auto\" srcset=\"https:\/\/securiteservicesformations.com\/wp-content\/uploads\/2023\/11\/guide-serre-file-1024x576.png 1024w, https:\/\/securiteservicesformations.com\/wp-content\/uploads\/2023\/11\/guide-serre-file-300x169.png 300w, https:\/\/securiteservicesformations.com\/wp-content\/uploads\/2023\/11\/guide-serre-file-768x432.png 768w, https:\/\/securiteservicesformations.com\/wp-content\/uploads\/2023\/11\/guide-serre-file-1536x864.png 1536w, https:\/\/securiteservicesformations.com\/wp-content\/uploads\/2023\/11\/guide-serre-file.png 2000w\" sizes=\"auto, (max-width: 1024px) 100vw, 1024px\" \/><\/figure>\n\n\n\n<hr class=\"wp-block-separator has-alpha-channel-opacity\"\/>\n\n\n\n<h2 class=\"wp-block-heading\">Description de la formation :<\/h2>\n\n\n\n<p>Les guide-files et serre-file sont le personnel form\u00e9 li\u00e9s \u00e0 une \u00e9vacuation incendie d\u2019une entreprise. Ils sont form\u00e9s pour prendre rapidement des d\u00e9cisions tout en connaissant la situation.<br><br>Pour cela, il faut une connaissance parfaite des lieux \u00e0 \u00e9vacuer : locaux, issues de secours, issues normales, les locaux \u00e0 risques etc.<br><br>Des exercices obligatoires d\u2019\u00e9vacuation permettent de v\u00e9rifier la bonne organisation des salari\u00e9s form\u00e9s.<\/p>\n\n\n\n<hr class=\"wp-block-separator has-alpha-channel-opacity\"\/>\n\n\n\n<h2 class=\"wp-block-heading\">Informations pratiques<\/h2>\n\n\n\n<p><strong>Dur\u00e9e de la formation :<\/strong><br>3h30 (1 demi-journ\u00e9e en pr\u00e9sentiel)<\/p>\n\n\n\n<p><strong>Public concern\u00e9 :<\/strong><br>Toute personne sans restriction de fonction<\/p>\n\n\n\n<p><strong>Effectif par session :<\/strong><br>4 minimum jusqu&rsquo;\u00e0 12 maximum<\/p>\n\n\n\n<p><strong>M\u00e9thodes p\u00e9dagogiques :<\/strong><br>\u00c9valuation continue th\u00e9orique et pratique<\/p>\n\n\n\n<p><strong>Maintien des comp\u00e9tences :<\/strong><br>Tout les ans<\/p>\n\n\n\n<p><strong>Validation des acquis :<\/strong><br>Attestation de formation<\/p>\n\n\n\n<p><strong>Mat\u00e9riel p\u00e9dagogique :<\/strong><br>Ordinateur, vid\u00e9oprojecteur, pr\u00e9sentation Powerpoint, vid\u00e9os, plan d\u2019intervention, livret de formation et documentation.<\/p>\n\n\n\n<p><strong>R\u00e9f\u00e9rences r\u00e9glementaire et documentaires :<\/strong><br>Art. R4227-39 du Code du Travail<\/p>\n\n\n\n<p><strong>Accessibilit\u00e9 :<\/strong><br>SSF s\u2019engage \u00e0 favoriser l\u2019acc\u00e8s \u00e0 la formation pour toutes et pour tous. Pour toute question, vous pouvez solliciter notre r\u00e9f\u00e9rent handicap.<\/p>\n\n\n\n<p><strong>Lieu de formation :<\/strong><br>Formation Intra-Entreprise, la formation est r\u00e9alis\u00e9e dans vos locaux selon vos disponibilit\u00e9s.<\/p>\n\n\n\n<p><strong>Informations tarifaire :<\/strong><br>Pour obtenir un tarif veuillez nous contacter via les moyens de contact ci-dessous.<br><br>T\u00e9l\u00e9phone : 06.19.28.18.56<br>Mail : securiteservicesformations@gmail.com<\/p>\n\n\n\n<p><strong>Plaquette de formation :<\/strong><\/p>\n\n\n\n<div data-wp-interactive=\"core\/file\" class=\"wp-block-file\"><object data-wp-bind--hidden=\"!state.hasPdfPreview\" hidden class=\"wp-block-file__embed\" data=\"https:\/\/securiteservicesformations.com\/wp-content\/uploads\/2024\/01\/fiche-formation-incendie-guide-file-serre-file-2024.pdf\" type=\"application\/pdf\" style=\"width:100%;height:600px\" aria-label=\"Contenu embarqu\u00e9 fiche-formation-incendie-guide-file-serre-file-2024.\"><\/object><a id=\"wp-block-file--media-193a4d40-e590-457d-ab9a-0a8b994c3866\" href=\"https:\/\/securiteservicesformations.com\/wp-content\/uploads\/2024\/01\/fiche-formation-incendie-guide-file-serre-file-2024.pdf\">fiche-formation-incendie-guide-file-serre-file-2024<\/a><a href=\"https:\/\/securiteservicesformations.com\/wp-content\/uploads\/2024\/01\/fiche-formation-incendie-guide-file-serre-file-2024.pdf\" class=\"wp-block-file__button wp-element-button\" download aria-describedby=\"wp-block-file--media-193a4d40-e590-457d-ab9a-0a8b994c3866\">T\u00e9l\u00e9charger<\/a><\/div>\n","protected":false},"excerpt":{"rendered":"<p>Description de la formation : Les guide-files et serre-file sont le personnel form\u00e9 li\u00e9s \u00e0 une \u00e9vacuation incendie d\u2019une entreprise. Ils sont form\u00e9s pour prendre rapidement des d\u00e9cisions tout&#8230;<\/p>\n","protected":false},"author":1,"featured_media":0,"parent":0,"menu_order":0,"comment_status":"closed","ping_status":"closed","template":"","meta":{"footnotes":""},"class_list":["post-99","page","type-page","status-publish","hentry"],"yoast_head":"<!-- This site is optimized with the Yoast SEO plugin v24.5 - https:\/\/yoast.com\/wordpress\/plugins\/seo\/ -->\n<title>\u00c9vacuation Guide File et Serre File - S\u00e9curit\u00e9 services formations<\/title>\n<meta name=\"robots\" content=\"index, follow, max-snippet:-1, max-image-preview:large, max-video-preview:-1\" \/>\n<link rel=\"canonical\" href=\"https:\/\/securiteservicesformations.com\/index.php\/evacuation-guide-file-et-serre-file\/\" \/>\n<meta property=\"og:locale\" content=\"fr_FR\" \/>\n<meta property=\"og:type\" content=\"article\" \/>\n<meta property=\"og:title\" content=\"\u00c9vacuation Guide File et Serre File - S\u00e9curit\u00e9 services formations\" \/>\n<meta property=\"og:description\" content=\"Description de la formation : Les guide-files et serre-file sont le personnel form\u00e9 li\u00e9s \u00e0 une \u00e9vacuation incendie d\u2019une entreprise. Ils sont form\u00e9s pour prendre rapidement des d\u00e9cisions tout...\" \/>\n<meta property=\"og:url\" content=\"https:\/\/securiteservicesformations.com\/index.php\/evacuation-guide-file-et-serre-file\/\" \/>\n<meta property=\"og:site_name\" content=\"S\u00e9curit\u00e9 services formations\" \/>\n<meta property=\"article:modified_time\" content=\"2024-01-02T15:21:02+00:00\" \/>\n<meta property=\"og:image\" content=\"https:\/\/sercuriteservicesformations.fr\/wp-content\/uploads\/2023\/11\/guide-serre-file-1024x576.png\" \/>\n<meta name=\"twitter:card\" content=\"summary_large_image\" \/>\n<meta name=\"twitter:label1\" content=\"Dur\u00e9e de lecture estim\u00e9e\" \/>\n\t<meta name=\"twitter:data1\" content=\"1 minute\" \/>\n<script type=\"application\/ld+json\" class=\"yoast-schema-graph\">{\"@context\":\"https:\/\/schema.org\",\"@graph\":[{\"@type\":\"WebPage\",\"@id\":\"https:\/\/securiteservicesformations.com\/index.php\/evacuation-guide-file-et-serre-file\/\",\"url\":\"https:\/\/securiteservicesformations.com\/index.php\/evacuation-guide-file-et-serre-file\/\",\"name\":\"\u00c9vacuation Guide File et Serre File - S\u00e9curit\u00e9 services formations\",\"isPartOf\":{\"@id\":\"https:\/\/securiteservicesformations.com\/#website\"},\"primaryImageOfPage\":{\"@id\":\"https:\/\/securiteservicesformations.com\/index.php\/evacuation-guide-file-et-serre-file\/#primaryimage\"},\"image\":{\"@id\":\"https:\/\/securiteservicesformations.com\/index.php\/evacuation-guide-file-et-serre-file\/#primaryimage\"},\"thumbnailUrl\":\"https:\/\/sercuriteservicesformations.fr\/wp-content\/uploads\/2023\/11\/guide-serre-file-1024x576.png\",\"datePublished\":\"2023-11-18T17:21:35+00:00\",\"dateModified\":\"2024-01-02T15:21:02+00:00\",\"breadcrumb\":{\"@id\":\"https:\/\/securiteservicesformations.com\/index.php\/evacuation-guide-file-et-serre-file\/#breadcrumb\"},\"inLanguage\":\"fr-FR\",\"potentialAction\":[{\"@type\":\"ReadAction\",\"target\":[\"https:\/\/securiteservicesformations.com\/index.php\/evacuation-guide-file-et-serre-file\/\"]}]},{\"@type\":\"ImageObject\",\"inLanguage\":\"fr-FR\",\"@id\":\"https:\/\/securiteservicesformations.com\/index.php\/evacuation-guide-file-et-serre-file\/#primaryimage\",\"url\":\"https:\/\/sercuriteservicesformations.fr\/wp-content\/uploads\/2023\/11\/guide-serre-file-1024x576.png\",\"contentUrl\":\"https:\/\/sercuriteservicesformations.fr\/wp-content\/uploads\/2023\/11\/guide-serre-file-1024x576.png\"},{\"@type\":\"BreadcrumbList\",\"@id\":\"https:\/\/securiteservicesformations.com\/index.php\/evacuation-guide-file-et-serre-file\/#breadcrumb\",\"itemListElement\":[{\"@type\":\"ListItem\",\"position\":1,\"name\":\"Accueil\",\"item\":\"https:\/\/securiteservicesformations.com\/\"},{\"@type\":\"ListItem\",\"position\":2,\"name\":\"\u00c9vacuation Guide File et Serre File\"}]},{\"@type\":\"WebSite\",\"@id\":\"https:\/\/securiteservicesformations.com\/#website\",\"url\":\"https:\/\/securiteservicesformations.com\/\",\"name\":\"S\u00e9curit\u00e9 services formations\",\"description\":\"Entreprise proposant des formations.\",\"publisher\":{\"@id\":\"https:\/\/securiteservicesformations.com\/#organization\"},\"potentialAction\":[{\"@type\":\"SearchAction\",\"target\":{\"@type\":\"EntryPoint\",\"urlTemplate\":\"https:\/\/securiteservicesformations.com\/?s={search_term_string}\"},\"query-input\":{\"@type\":\"PropertyValueSpecification\",\"valueRequired\":true,\"valueName\":\"search_term_string\"}}],\"inLanguage\":\"fr-FR\"},{\"@type\":\"Organization\",\"@id\":\"https:\/\/securiteservicesformations.com\/#organization\",\"name\":\"S\u00e9curit\u00e9 services formations\",\"url\":\"https:\/\/securiteservicesformations.com\/\",\"logo\":{\"@type\":\"ImageObject\",\"inLanguage\":\"fr-FR\",\"@id\":\"https:\/\/securiteservicesformations.com\/#\/schema\/logo\/image\/\",\"url\":\"https:\/\/securiteservicesformations.com\/wp-content\/uploads\/2023\/11\/cropped-logo-fafa.jpg\",\"contentUrl\":\"https:\/\/securiteservicesformations.com\/wp-content\/uploads\/2023\/11\/cropped-logo-fafa.jpg\",\"width\":500,\"height\":367,\"caption\":\"S\u00e9curit\u00e9 services formations\"},\"image\":{\"@id\":\"https:\/\/securiteservicesformations.com\/#\/schema\/logo\/image\/\"}}]}<\/script>\n<!-- \/ Yoast SEO plugin. -->","yoast_head_json":{"title":"\u00c9vacuation Guide File et Serre File - S\u00e9curit\u00e9 services formations","robots":{"index":"index","follow":"follow","max-snippet":"max-snippet:-1","max-image-preview":"max-image-preview:large","max-video-preview":"max-video-preview:-1"},"canonical":"https:\/\/securiteservicesformations.com\/index.php\/evacuation-guide-file-et-serre-file\/","og_locale":"fr_FR","og_type":"article","og_title":"\u00c9vacuation Guide File et Serre File - S\u00e9curit\u00e9 services formations","og_description":"Description de la formation : Les guide-files et serre-file sont le personnel form\u00e9 li\u00e9s \u00e0 une \u00e9vacuation incendie d\u2019une entreprise. Ils sont form\u00e9s pour prendre rapidement des d\u00e9cisions tout...","og_url":"https:\/\/securiteservicesformations.com\/index.php\/evacuation-guide-file-et-serre-file\/","og_site_name":"S\u00e9curit\u00e9 services formations","article_modified_time":"2024-01-02T15:21:02+00:00","og_image":[{"url":"https:\/\/sercuriteservicesformations.fr\/wp-content\/uploads\/2023\/11\/guide-serre-file-1024x576.png","type":"","width":"","height":""}],"twitter_card":"summary_large_image","twitter_misc":{"Dur\u00e9e de lecture estim\u00e9e":"1 minute"},"schema":{"@context":"https:\/\/schema.org","@graph":[{"@type":"WebPage","@id":"https:\/\/securiteservicesformations.com\/index.php\/evacuation-guide-file-et-serre-file\/","url":"https:\/\/securiteservicesformations.com\/index.php\/evacuation-guide-file-et-serre-file\/","name":"\u00c9vacuation Guide File et Serre File - S\u00e9curit\u00e9 services formations","isPartOf":{"@id":"https:\/\/securiteservicesformations.com\/#website"},"primaryImageOfPage":{"@id":"https:\/\/securiteservicesformations.com\/index.php\/evacuation-guide-file-et-serre-file\/#primaryimage"},"image":{"@id":"https:\/\/securiteservicesformations.com\/index.php\/evacuation-guide-file-et-serre-file\/#primaryimage"},"thumbnailUrl":"https:\/\/sercuriteservicesformations.fr\/wp-content\/uploads\/2023\/11\/guide-serre-file-1024x576.png","datePublished":"2023-11-18T17:21:35+00:00","dateModified":"2024-01-02T15:21:02+00:00","breadcrumb":{"@id":"https:\/\/securiteservicesformations.com\/index.php\/evacuation-guide-file-et-serre-file\/#breadcrumb"},"inLanguage":"fr-FR","potentialAction":[{"@type":"ReadAction","target":["https:\/\/securiteservicesformations.com\/index.php\/evacuation-guide-file-et-serre-file\/"]}]},{"@type":"ImageObject","inLanguage":"fr-FR","@id":"https:\/\/securiteservicesformations.com\/index.php\/evacuation-guide-file-et-serre-file\/#primaryimage","url":"https:\/\/sercuriteservicesformations.fr\/wp-content\/uploads\/2023\/11\/guide-serre-file-1024x576.png","contentUrl":"https:\/\/sercuriteservicesformations.fr\/wp-content\/uploads\/2023\/11\/guide-serre-file-1024x576.png"},{"@type":"BreadcrumbList","@id":"https:\/\/securiteservicesformations.com\/index.php\/evacuation-guide-file-et-serre-file\/#breadcrumb","itemListElement":[{"@type":"ListItem","position":1,"name":"Accueil","item":"https:\/\/securiteservicesformations.com\/"},{"@type":"ListItem","position":2,"name":"\u00c9vacuation Guide File et Serre File"}]},{"@type":"WebSite","@id":"https:\/\/securiteservicesformations.com\/#website","url":"https:\/\/securiteservicesformations.com\/","name":"S\u00e9curit\u00e9 services formations","description":"Entreprise proposant des formations.","publisher":{"@id":"https:\/\/securiteservicesformations.com\/#organization"},"potentialAction":[{"@type":"SearchAction","target":{"@type":"EntryPoint","urlTemplate":"https:\/\/securiteservicesformations.com\/?s={search_term_string}"},"query-input":{"@type":"PropertyValueSpecification","valueRequired":true,"valueName":"search_term_string"}}],"inLanguage":"fr-FR"},{"@type":"Organization","@id":"https:\/\/securiteservicesformations.com\/#organization","name":"S\u00e9curit\u00e9 services formations","url":"https:\/\/securiteservicesformations.com\/","logo":{"@type":"ImageObject","inLanguage":"fr-FR","@id":"https:\/\/securiteservicesformations.com\/#\/schema\/logo\/image\/","url":"https:\/\/securiteservicesformations.com\/wp-content\/uploads\/2023\/11\/cropped-logo-fafa.jpg","contentUrl":"https:\/\/securiteservicesformations.com\/wp-content\/uploads\/2023\/11\/cropped-logo-fafa.jpg","width":500,"height":367,"caption":"S\u00e9curit\u00e9 services formations"},"image":{"@id":"https:\/\/securiteservicesformations.com\/#\/schema\/logo\/image\/"}}]}},"_links":{"self":[{"href":"https:\/\/securiteservicesformations.com\/index.php\/wp-json\/wp\/v2\/pages\/99","targetHints":{"allow":["GET"]}}],"collection":[{"href":"https:\/\/securiteservicesformations.com\/index.php\/wp-json\/wp\/v2\/pages"}],"about":[{"href":"https:\/\/securiteservicesformations.com\/index.php\/wp-json\/wp\/v2\/types\/page"}],"author":[{"embeddable":true,"href":"https:\/\/securiteservicesformations.com\/index.php\/wp-json\/wp\/v2\/users\/1"}],"replies":[{"embeddable":true,"href":"https:\/\/securiteservicesformations.com\/index.php\/wp-json\/wp\/v2\/comments?post=99"}],"version-history":[{"count":2,"href":"https:\/\/securiteservicesformations.com\/index.php\/wp-json\/wp\/v2\/pages\/99\/revisions"}],"predecessor-version":[{"id":236,"href":"https:\/\/securiteservicesformations.com\/index.php\/wp-json\/wp\/v2\/pages\/99\/revisions\/236"}],"wp:attachment":[{"href":"https:\/\/securiteservicesformations.com\/index.php\/wp-json\/wp\/v2\/media?parent=99"}],"curies":[{"name":"wp","href":"https:\/\/api.w.org\/{rel}","templated":true}]}}