{"id":74,"date":"2023-11-17T10:31:40","date_gmt":"2023-11-17T09:31:40","guid":{"rendered":"https:\/\/sercuriteservicesformations.fr\/?page_id=74"},"modified":"2024-01-02T15:36:10","modified_gmt":"2024-01-02T14:36:10","slug":"formation-bs-be-manoeuvre","status":"publish","type":"page","link":"https:\/\/securiteservicesformations.com\/index.php\/formation-bs-be-manoeuvre\/","title":{"rendered":"Formation BS\/BE Man\u0153uvre"},"content":{"rendered":"\n<hr class=\"wp-block-separator has-alpha-channel-opacity\"\/>\n\n\n\n<h2 class=\"wp-block-heading\">Description de la formation :<\/h2>\n\n\n\n<p>La formation aux habilitations BS, BE man\u0153uvre et HE man\u0153uvre s&rsquo;adresse au personnes non \u00e9lectriciens devant effectuer des op\u00e9rations d&rsquo;ordre \u00e9lectrique \u00e9l\u00e9mentaires (BS) ou man\u0153uvrer des appareillages \u00e9lectriques en basse tension (BE man\u0153uvre) et haute tension (HTA) (HE man\u0153uvre).<\/p>\n\n\n\n<hr class=\"wp-block-separator has-alpha-channel-opacity\"\/>\n\n\n\n<h2 class=\"wp-block-heading\">Informations pratiques<\/h2>\n\n\n\n<p><strong>Dur\u00e9e de la formation :<\/strong><br>2 jour (14h en pr\u00e9sentiel)<\/p>\n\n\n\n<p><strong>Public concern\u00e9 :<\/strong><br>Toute personne pouvant \u00eatre amen\u00e9e \u00e0 effectuer des interventions simples de remplacement\/raccordement : remplacement de fusible, lampe, prise, interrupteur, raccordement \u00e0 un circuit en attente, r\u00e9armement d\u2019un relais de protection\u2026<\/p>\n\n\n\n<p><strong>Pr\u00e9requis :<\/strong> <br>Connaitre les r\u00e8gles \u00e9l\u00e9mentaires de l\u2019\u00e9lectricit\u00e9 et les techniques de remplacement et de raccordement sur les installations et mat\u00e9riels sur lesquels il doit intervenir<\/p>\n\n\n\n<p><strong>Effectif par session :<\/strong><br>12 participants<\/p>\n\n\n\n<p><strong>M\u00e9thodes p\u00e9dagogiques :<\/strong><br>Apprentissage th\u00e9orique et pratique<\/p>\n\n\n\n<p><strong>Maintien des comp\u00e9tences :<\/strong><br>36 mois (cf. INRS)<\/p>\n\n\n\n<p><strong>Validation des acquis :<\/strong><br>QCM, attestation de formation et titre d&rsquo;habilitation pr\u00e9rempli<\/p>\n\n\n\n<p><strong>Mat\u00e9riel p\u00e9dagogique :<\/strong><br>Ordinateur, vid\u00e9oprojecteur, pr\u00e9sentation PowerPoint, armoire \u00e9lectrique, livret de formation, mat\u00e9riels \u00e9lectriques.<\/p>\n\n\n\n<p><strong>R\u00e9f\u00e9rences r\u00e9glementaire et documentaires :<\/strong><br>Article R4544-9 du Code du Travail<br>NF C 18-510 &#8211; Habilitation \u00c9lectrique<\/p>\n\n\n\n<p><strong>Accessibilit\u00e9 :<\/strong><br>SSF s\u2019engage \u00e0 favoriser l\u2019acc\u00e8s \u00e0 la formation pour toutes et pour tous. Pour toute question, vous pouvez solliciter notre r\u00e9f\u00e9rent handicap.<\/p>\n\n\n\n<p><strong>Lieu de formation :<\/strong><br>Formation Intra-Entreprise, la formation est r\u00e9alis\u00e9e dans vos locaux selon vos disponibilit\u00e9s.<br>Formation Inter-Entreprise, la formation est r\u00e9alis\u00e9e dans nos locaux selon nos disponibilit\u00e9s.<\/p>\n\n\n\n<p><strong>Informations tarifaire :<\/strong><br>Pour obtenir un tarif veuillez nous contacter via les moyens de contact ci-dessous.<br><br>T\u00e9l\u00e9phone : 06.19.28.18.56<br>Mail : securiteservicesformations@gmail.com <\/p>\n\n\n\n<p><strong>Plaquette de formation :<\/strong><\/p>\n\n\n\n<div data-wp-interactive=\"core\/file\" class=\"wp-block-file\"><object data-wp-bind--hidden=\"!state.hasPdfPreview\" hidden class=\"wp-block-file__embed\" data=\"https:\/\/securiteservicesformations.com\/wp-content\/uploads\/2024\/01\/Habelec-BS_ChargeInterventionElementaire_BEBEManoeuvre-1.pdf\" type=\"application\/pdf\" style=\"width:100%;height:600px\" aria-label=\"Contenu embarqu\u00e9 Habelec-BS_ChargeInterventionElementaire_BEBEManoeuvre-1.\"><\/object><a id=\"wp-block-file--media-5a9ea153-5685-4991-a40e-e533bb1bddeb\" href=\"https:\/\/securiteservicesformations.com\/wp-content\/uploads\/2024\/01\/Habelec-BS_ChargeInterventionElementaire_BEBEManoeuvre-1.pdf\">Habelec-BS_ChargeInterventionElementaire_BEBEManoeuvre-1<\/a><a href=\"https:\/\/securiteservicesformations.com\/wp-content\/uploads\/2024\/01\/Habelec-BS_ChargeInterventionElementaire_BEBEManoeuvre-1.pdf\" class=\"wp-block-file__button wp-element-button\" download aria-describedby=\"wp-block-file--media-5a9ea153-5685-4991-a40e-e533bb1bddeb\">T\u00e9l\u00e9charger<\/a><\/div>\n","protected":false},"excerpt":{"rendered":"<p>Description de la formation : La formation aux habilitations BS, BE man\u0153uvre et HE man\u0153uvre s&rsquo;adresse au personnes non \u00e9lectriciens devant effectuer des op\u00e9rations d&rsquo;ordre \u00e9lectrique \u00e9l\u00e9mentaires (BS) ou&#8230;<\/p>\n","protected":false},"author":1,"featured_media":76,"parent":0,"menu_order":0,"comment_status":"closed","ping_status":"closed","template":"","meta":{"footnotes":""},"class_list":["post-74","page","type-page","status-publish","has-post-thumbnail","hentry"],"yoast_head":"<!-- This site is optimized with the Yoast SEO plugin v24.5 - https:\/\/yoast.com\/wordpress\/plugins\/seo\/ -->\n<title>Formation BS\/BE Man\u0153uvre - S\u00e9curit\u00e9 services formations<\/title>\n<meta name=\"robots\" content=\"index, follow, max-snippet:-1, max-image-preview:large, max-video-preview:-1\" \/>\n<link rel=\"canonical\" href=\"https:\/\/securiteservicesformations.com\/index.php\/formation-bs-be-manoeuvre\/\" \/>\n<meta property=\"og:locale\" content=\"fr_FR\" \/>\n<meta property=\"og:type\" content=\"article\" \/>\n<meta property=\"og:title\" content=\"Formation BS\/BE Man\u0153uvre - S\u00e9curit\u00e9 services formations\" \/>\n<meta property=\"og:description\" content=\"Description de la formation : La formation aux habilitations BS, BE man\u0153uvre et HE man\u0153uvre s&rsquo;adresse au personnes non \u00e9lectriciens devant effectuer des op\u00e9rations d&rsquo;ordre \u00e9lectrique \u00e9l\u00e9mentaires (BS) ou...\" \/>\n<meta property=\"og:url\" content=\"https:\/\/securiteservicesformations.com\/index.php\/formation-bs-be-manoeuvre\/\" \/>\n<meta property=\"og:site_name\" content=\"S\u00e9curit\u00e9 services formations\" \/>\n<meta property=\"article:modified_time\" content=\"2024-01-02T14:36:10+00:00\" \/>\n<meta property=\"og:image\" content=\"https:\/\/securiteservicesformations.com\/wp-content\/uploads\/2023\/11\/habilitation-BS-bernat-conseil-formation-1536x593-1.webp\" \/>\n\t<meta property=\"og:image:width\" content=\"1536\" \/>\n\t<meta property=\"og:image:height\" content=\"593\" \/>\n\t<meta property=\"og:image:type\" content=\"image\/webp\" \/>\n<meta name=\"twitter:card\" content=\"summary_large_image\" \/>\n<meta name=\"twitter:label1\" content=\"Dur\u00e9e de lecture estim\u00e9e\" \/>\n\t<meta name=\"twitter:data1\" content=\"1 minute\" \/>\n<script type=\"application\/ld+json\" class=\"yoast-schema-graph\">{\"@context\":\"https:\/\/schema.org\",\"@graph\":[{\"@type\":\"WebPage\",\"@id\":\"https:\/\/securiteservicesformations.com\/index.php\/formation-bs-be-manoeuvre\/\",\"url\":\"https:\/\/securiteservicesformations.com\/index.php\/formation-bs-be-manoeuvre\/\",\"name\":\"Formation BS\/BE Man\u0153uvre - S\u00e9curit\u00e9 services formations\",\"isPartOf\":{\"@id\":\"https:\/\/securiteservicesformations.com\/#website\"},\"primaryImageOfPage\":{\"@id\":\"https:\/\/securiteservicesformations.com\/index.php\/formation-bs-be-manoeuvre\/#primaryimage\"},\"image\":{\"@id\":\"https:\/\/securiteservicesformations.com\/index.php\/formation-bs-be-manoeuvre\/#primaryimage\"},\"thumbnailUrl\":\"https:\/\/securiteservicesformations.com\/wp-content\/uploads\/2023\/11\/habilitation-BS-bernat-conseil-formation-1536x593-1.webp\",\"datePublished\":\"2023-11-17T09:31:40+00:00\",\"dateModified\":\"2024-01-02T14:36:10+00:00\",\"breadcrumb\":{\"@id\":\"https:\/\/securiteservicesformations.com\/index.php\/formation-bs-be-manoeuvre\/#breadcrumb\"},\"inLanguage\":\"fr-FR\",\"potentialAction\":[{\"@type\":\"ReadAction\",\"target\":[\"https:\/\/securiteservicesformations.com\/index.php\/formation-bs-be-manoeuvre\/\"]}]},{\"@type\":\"ImageObject\",\"inLanguage\":\"fr-FR\",\"@id\":\"https:\/\/securiteservicesformations.com\/index.php\/formation-bs-be-manoeuvre\/#primaryimage\",\"url\":\"https:\/\/securiteservicesformations.com\/wp-content\/uploads\/2023\/11\/habilitation-BS-bernat-conseil-formation-1536x593-1.webp\",\"contentUrl\":\"https:\/\/securiteservicesformations.com\/wp-content\/uploads\/2023\/11\/habilitation-BS-bernat-conseil-formation-1536x593-1.webp\",\"width\":1536,\"height\":593},{\"@type\":\"BreadcrumbList\",\"@id\":\"https:\/\/securiteservicesformations.com\/index.php\/formation-bs-be-manoeuvre\/#breadcrumb\",\"itemListElement\":[{\"@type\":\"ListItem\",\"position\":1,\"name\":\"Accueil\",\"item\":\"https:\/\/securiteservicesformations.com\/\"},{\"@type\":\"ListItem\",\"position\":2,\"name\":\"Formation BS\/BE Man\u0153uvre\"}]},{\"@type\":\"WebSite\",\"@id\":\"https:\/\/securiteservicesformations.com\/#website\",\"url\":\"https:\/\/securiteservicesformations.com\/\",\"name\":\"S\u00e9curit\u00e9 services formations\",\"description\":\"Entreprise proposant des formations.\",\"publisher\":{\"@id\":\"https:\/\/securiteservicesformations.com\/#organization\"},\"potentialAction\":[{\"@type\":\"SearchAction\",\"target\":{\"@type\":\"EntryPoint\",\"urlTemplate\":\"https:\/\/securiteservicesformations.com\/?s={search_term_string}\"},\"query-input\":{\"@type\":\"PropertyValueSpecification\",\"valueRequired\":true,\"valueName\":\"search_term_string\"}}],\"inLanguage\":\"fr-FR\"},{\"@type\":\"Organization\",\"@id\":\"https:\/\/securiteservicesformations.com\/#organization\",\"name\":\"S\u00e9curit\u00e9 services formations\",\"url\":\"https:\/\/securiteservicesformations.com\/\",\"logo\":{\"@type\":\"ImageObject\",\"inLanguage\":\"fr-FR\",\"@id\":\"https:\/\/securiteservicesformations.com\/#\/schema\/logo\/image\/\",\"url\":\"https:\/\/securiteservicesformations.com\/wp-content\/uploads\/2023\/11\/cropped-logo-fafa.jpg\",\"contentUrl\":\"https:\/\/securiteservicesformations.com\/wp-content\/uploads\/2023\/11\/cropped-logo-fafa.jpg\",\"width\":500,\"height\":367,\"caption\":\"S\u00e9curit\u00e9 services formations\"},\"image\":{\"@id\":\"https:\/\/securiteservicesformations.com\/#\/schema\/logo\/image\/\"}}]}<\/script>\n<!-- \/ Yoast SEO plugin. -->","yoast_head_json":{"title":"Formation BS\/BE Man\u0153uvre - S\u00e9curit\u00e9 services formations","robots":{"index":"index","follow":"follow","max-snippet":"max-snippet:-1","max-image-preview":"max-image-preview:large","max-video-preview":"max-video-preview:-1"},"canonical":"https:\/\/securiteservicesformations.com\/index.php\/formation-bs-be-manoeuvre\/","og_locale":"fr_FR","og_type":"article","og_title":"Formation BS\/BE Man\u0153uvre - S\u00e9curit\u00e9 services formations","og_description":"Description de la formation : La formation aux habilitations BS, BE man\u0153uvre et HE man\u0153uvre s&rsquo;adresse au personnes non \u00e9lectriciens devant effectuer des op\u00e9rations d&rsquo;ordre \u00e9lectrique \u00e9l\u00e9mentaires (BS) ou...","og_url":"https:\/\/securiteservicesformations.com\/index.php\/formation-bs-be-manoeuvre\/","og_site_name":"S\u00e9curit\u00e9 services formations","article_modified_time":"2024-01-02T14:36:10+00:00","og_image":[{"width":1536,"height":593,"url":"https:\/\/securiteservicesformations.com\/wp-content\/uploads\/2023\/11\/habilitation-BS-bernat-conseil-formation-1536x593-1.webp","type":"image\/webp"}],"twitter_card":"summary_large_image","twitter_misc":{"Dur\u00e9e de lecture estim\u00e9e":"1 minute"},"schema":{"@context":"https:\/\/schema.org","@graph":[{"@type":"WebPage","@id":"https:\/\/securiteservicesformations.com\/index.php\/formation-bs-be-manoeuvre\/","url":"https:\/\/securiteservicesformations.com\/index.php\/formation-bs-be-manoeuvre\/","name":"Formation BS\/BE Man\u0153uvre - S\u00e9curit\u00e9 services formations","isPartOf":{"@id":"https:\/\/securiteservicesformations.com\/#website"},"primaryImageOfPage":{"@id":"https:\/\/securiteservicesformations.com\/index.php\/formation-bs-be-manoeuvre\/#primaryimage"},"image":{"@id":"https:\/\/securiteservicesformations.com\/index.php\/formation-bs-be-manoeuvre\/#primaryimage"},"thumbnailUrl":"https:\/\/securiteservicesformations.com\/wp-content\/uploads\/2023\/11\/habilitation-BS-bernat-conseil-formation-1536x593-1.webp","datePublished":"2023-11-17T09:31:40+00:00","dateModified":"2024-01-02T14:36:10+00:00","breadcrumb":{"@id":"https:\/\/securiteservicesformations.com\/index.php\/formation-bs-be-manoeuvre\/#breadcrumb"},"inLanguage":"fr-FR","potentialAction":[{"@type":"ReadAction","target":["https:\/\/securiteservicesformations.com\/index.php\/formation-bs-be-manoeuvre\/"]}]},{"@type":"ImageObject","inLanguage":"fr-FR","@id":"https:\/\/securiteservicesformations.com\/index.php\/formation-bs-be-manoeuvre\/#primaryimage","url":"https:\/\/securiteservicesformations.com\/wp-content\/uploads\/2023\/11\/habilitation-BS-bernat-conseil-formation-1536x593-1.webp","contentUrl":"https:\/\/securiteservicesformations.com\/wp-content\/uploads\/2023\/11\/habilitation-BS-bernat-conseil-formation-1536x593-1.webp","width":1536,"height":593},{"@type":"BreadcrumbList","@id":"https:\/\/securiteservicesformations.com\/index.php\/formation-bs-be-manoeuvre\/#breadcrumb","itemListElement":[{"@type":"ListItem","position":1,"name":"Accueil","item":"https:\/\/securiteservicesformations.com\/"},{"@type":"ListItem","position":2,"name":"Formation BS\/BE Man\u0153uvre"}]},{"@type":"WebSite","@id":"https:\/\/securiteservicesformations.com\/#website","url":"https:\/\/securiteservicesformations.com\/","name":"S\u00e9curit\u00e9 services formations","description":"Entreprise proposant des formations.","publisher":{"@id":"https:\/\/securiteservicesformations.com\/#organization"},"potentialAction":[{"@type":"SearchAction","target":{"@type":"EntryPoint","urlTemplate":"https:\/\/securiteservicesformations.com\/?s={search_term_string}"},"query-input":{"@type":"PropertyValueSpecification","valueRequired":true,"valueName":"search_term_string"}}],"inLanguage":"fr-FR"},{"@type":"Organization","@id":"https:\/\/securiteservicesformations.com\/#organization","name":"S\u00e9curit\u00e9 services formations","url":"https:\/\/securiteservicesformations.com\/","logo":{"@type":"ImageObject","inLanguage":"fr-FR","@id":"https:\/\/securiteservicesformations.com\/#\/schema\/logo\/image\/","url":"https:\/\/securiteservicesformations.com\/wp-content\/uploads\/2023\/11\/cropped-logo-fafa.jpg","contentUrl":"https:\/\/securiteservicesformations.com\/wp-content\/uploads\/2023\/11\/cropped-logo-fafa.jpg","width":500,"height":367,"caption":"S\u00e9curit\u00e9 services formations"},"image":{"@id":"https:\/\/securiteservicesformations.com\/#\/schema\/logo\/image\/"}}]}},"_links":{"self":[{"href":"https:\/\/securiteservicesformations.com\/index.php\/wp-json\/wp\/v2\/pages\/74","targetHints":{"allow":["GET"]}}],"collection":[{"href":"https:\/\/securiteservicesformations.com\/index.php\/wp-json\/wp\/v2\/pages"}],"about":[{"href":"https:\/\/securiteservicesformations.com\/index.php\/wp-json\/wp\/v2\/types\/page"}],"author":[{"embeddable":true,"href":"https:\/\/securiteservicesformations.com\/index.php\/wp-json\/wp\/v2\/users\/1"}],"replies":[{"embeddable":true,"href":"https:\/\/securiteservicesformations.com\/index.php\/wp-json\/wp\/v2\/comments?post=74"}],"version-history":[{"count":4,"href":"https:\/\/securiteservicesformations.com\/index.php\/wp-json\/wp\/v2\/pages\/74\/revisions"}],"predecessor-version":[{"id":230,"href":"https:\/\/securiteservicesformations.com\/index.php\/wp-json\/wp\/v2\/pages\/74\/revisions\/230"}],"wp:featuredmedia":[{"embeddable":true,"href":"https:\/\/securiteservicesformations.com\/index.php\/wp-json\/wp\/v2\/media\/76"}],"wp:attachment":[{"href":"https:\/\/securiteservicesformations.com\/index.php\/wp-json\/wp\/v2\/media?parent=74"}],"curies":[{"name":"wp","href":"https:\/\/api.w.org\/{rel}","templated":true}]}}